3/6 - x**2 - 9*x. Calculate o(5).
-7
Let d(y) = -2*y**3 + 2*y**2 - 3*y + 1. Let c(g) = 2*g**2 - 2*g - 2. Let q be c(2). Suppose 13 = -q*v + 17. What is d(v)?
-13
Let g(z) = 2*z**2 - 6*z + 3. Let l(f) be the first derivative of 5*f**3/3 - 17*f**2/2 + 8*f - 1. Let w(c) = 11*g(c) - 4*l(c). Give w(-1).
1
Let v(s) = -s**2 + 5*s + 1. Suppose -2*i + 2 = -0*i - 5*c, -2*i - 3*c + 18 = 0. What is v(i)?
-5
Let g(v) be the first derivative of 2*v**3 - v - 6. What is g(-1)?
5
Let m(o) = 3*o**2 - o - 9. Let x be 42/9*(-12)/(-8). Let r(w) = -4*w**2 + w + 13. Let i(v) = x*m(v) + 5*r(v). Calculate i(2).
2
Let j(y) be the second derivative of -y + 3*y**2 + y**3 + 0 + 1/2*y**4 + 1/20*y**5. Suppose 3*v + 9 + 3 = u, -v + 4 = -3*u. Calculate j(v).
1
Let a(n) be the second derivative of -n**5/20 + 5*n**4/12 - n**3/3 - n**2 - 9*n. Determine a(5).
-12
Let v be ((-198)/(-24) + -7)*(-2)/(-5). Let d(h) be the second derivative of -v*h**2 + 1/2*h**4 + 1/6*h**3 + 0 + 1/20*h**5 - 2*h. Give d(-6).
-7
Let n(z) = 5*z. Let u(y) = 4*y + 1. Let j(o) = 2*n(o) - 3*u(o). Give j(3).
-9
Let n(o) = -o**3 + 3*o**2 + 3*o - 3. Suppose 6 = 5*l - 9. Calculate n(l).
6
Let s(i) = -i**3 + 4*i**2 - 4*i + 3. Let h be s(2). Let u(o) = o**3 - 2*o**2 - 3*o - 4. Give u(h).
-4
Let j(r) = 9*r**2 - 10*r + 4. Let u(t) = 4*t**2 - 5*t + 2. Let s be (-4 - -3)/((-1)/7). Let c(b) = s*u(b) - 3*j(b). What is c(4)?
-2
Let g(o) = o**2 - o + 2. Let v = -12 - -15. Give g(v).
8
Suppose 0 = 3*s + 29 - 5. Let n(x) = x**2 + 8*x + 5. Give n(s).
5
Suppose 26 = 5*p + 6. Let f = 6 - p. Let d(t) = -3 + 2 - 3*t + t - t**2 - 2*t**f. Give d(-1).
-2
Let h(t) be the third derivative of 1/12*t**5 + 1/120*t**6 + 1/8*t**4 + 0 + 1/2*t**3 + 0*t + t**2. Let s be 34/(-9) - (-4)/(-18). Calculate h(s).
7
Let u(h) = -6*h**2 - 6*h + 14. Let f(p) = -2*p**2 - 2*p + 5. Let j(n) = -11*f(n) + 4*u(n). Calculate j(-3).
-11
Suppose -5*y = -2*i + i - 2, 0 = i + 3*y + 2. Let v be (-11)/9 - i/9. Let p(r) be the first derivative of 3*r**2 + 1. Determine p(v).
-6
Suppose 3*s + 6 + 9 = 0. Suppose -4*o = -7*o + 15. Let v(y) = 6*y**2 + y**3 + 3*y + o + 4*y + 0*y. Determine v(s).
-5
Suppose -3*q = -17 + 5. Let i(k) be the first derivative of -4/3*k**3 + q*k + 4*k**2 - 1/4*k**4 + 2. Calculate i(-5).
-11
Let r(d) = 16*d**2 + 15*d**2 + 4 + d**3 + 5*d - 37*d**2. What is r(5)?
4
Let n(f) = -4*f**2 + 2*f - 10. Let v(s) = 3*s**2 - 3*s + 10. Let m(u) = 4*n(u) + 5*v(u). Suppose 3*d = -d - 28. Calculate m(d).
10
Let v(k) = -k**3 + 3*k**2 - k - 1. Suppose 15 = 6*t - 3. Determine v(t).
-4
Let f(p) = 3*p + 1. Suppose -5*a = 5*m + 25, -3*a = -4*m - 0*m - 6. Let v be 3/a - (-3)/6. Calculate f(v).
-2
Let w be 8/(-28) + 132/315. Let l(x) be the third derivative of 0 + w*x**5 + 0*x + 1/12*x**4 + 1/6*x**3 - x**2. Give l(-1).
7
Let t be (100/30)/((-4)/6). Let i(g) = g**3 + 4*g**2 - 4*g + 7. Give i(t).
2
Let k = 0 - -2. Let t(y) = k*y**2 + 5*y**2 + 5*y**2. Give t(-1).
12
Suppose 3*g = -3*a + 6, -2*a - 2*g = -a - 7. Let j(i) = -5*i - 2. Calculate j(a).
13
Let a(v) be the first derivative of v**2/2 + 2*v - 33. What is a(-9)?
-7
Let m(x) = 3*x**2 + 29*x - 11. Let c(g) = g**2 + 10*g - 4. Let d(q) = -11*c(q) + 4*m(q). Determine d(-5).
-5
Let f(n) = 15*n**3 - 20*n**2. Let v(c) = c**3 - c**2. Let h(a) = -f(a) + 20*v(a). Calculate h(1).
5
Suppose 3*u - 20 = -4*j - u, -2*j + 7 = u. Let i(y) = 5*y**2 + 2 - 3*y - 4*y**j - 2*y**2. Suppose -h - 6*m = -4*m + 6, -5*h - 5*m = 25. Give i(h).
-2
Let m(z) be the second derivative of -2*z + 0 + z**2 + 1/20*z**5 + 1/12*z**4 - 1/6*z**3. Give m(0).
2
Let j be (-1)/4 - 95/20. Let w = j - -9. Let g(t) = 2*t - 5*t + w + 2*t. Calculate g(0).
4
Let h(p) be the third derivative of -1/12*p**4 + 3*p**2 + 0*p**3 + 0*p + 0. Give h(-1).
2
Suppose -7*l + 14 = -21. Let v(b) = 2*b + 18. Let x(s) = s + 12. Let o(j) = 5*v(j) - 8*x(j). Calculate o(l).
4
Let q(n) = -n**3 + n**2 - n + 1. Let c be q(1). Suppose 3*p - 5*p + 2 = c. Let y(g) = -g**2 + 2 - g**2 - 3*g - p. Determine y(-3).
-8
Let r(u) = -2*u**2 - 1. Let n(q) = -q**2 - q + 7. Let f be n(0). Suppose 0 = 5*v + 20, 0 = -4*y - v + 5 + f. Suppose 2 = y*b - 2. Determine r(b).
-3
Let z(f) = -7*f**2 + 5*f + 2. Let k(r) = 3*r**2 - 3*r - 1. Let m(n) = -7*k(n) - 4*z(n). Suppose 1 = 2*i - i. Give m(i).
7
Let c(z) be the second derivative of 0 + z**2 + 1/2*z**3 - 5*z. What is c(-3)?
-7
Let x(z) = z + 8*z**2 + 2 - 18*z**2 + 8*z**2. What is x(2)?
-4
Suppose -4*u - 19 = 4*v - 3*u, 0 = v + u + 4. Let o(h) = 3*h + 6. Give o(v).
-9
Let s = -12 - -17. Let k(h) = h**3 - 5*h**2 + h - 6. What is k(s)?
-1
Let g(k) = -k**2 + 5*k + 1. Let u = 39 + -28. Suppose f + 2*f + u = -5*y, y - 3 = 2*f. Let j be (f - (-4)/3)*-6. Give g(j).
5
Let a(u) = -3*u + 9 + 2*u + 2*u + u**2 + 0*u. What is a(0)?
9
Suppose -3*z - 1 = 2*g, 0 = -3*z - 0 - 9. Let k(x) = 0*x + 2*x + 0 - g + 0*x. Determine k(4).
4
Suppose -3*c - 2*x = -2, -2*c - 4*x + 4 = -0*c. Let i(t) = 2 - 5*t**3 + 6*t**3 - 3*t - 2*t**2 + c*t**2. Give i(3).
2
Let l(n) = -4*n**2 - 3*n. Let b(m) = -5*m**2 - 2*m + 1. Let s be 14/(-6) + 2/6. Let k(o) = o**2 - 1. Let c be k(2). Let p(d) = c*l(d) + s*b(d). Give p(-3).
-5
Let g(r) = r**3 + 3*r**2 + 2*r - 1. Let l be g(-2). Let k = -2 - l. Let h(v) = -4*v + 11. Let z(s) = 2*s - 5. Let y(o) = -6*h(o) - 13*z(o). What is y(k)?
1
Let u(x) = -x - 1. Suppose 5*j = -w - 24, 0 = -2*j + 2*w - 6 - 6. What is u(j)?
4
Let t(u) be the third derivative of u**6/24 - u**5/60 - u**4/24 + 3*u**2. Let v be t(-1). Let q(g) = -2*g + 1. Determine q(v).
11
Let d(q) = -q - 1. Suppose -i - 3*j = -8, -3*i - 3*j + 23 = i. Let w be d(i). Let f(a) = 2*a + 5. Give f(w).
-7
Let o(q) = -3*q**2 + 6*q + q**3 - 7*q - 3 - 5*q + 6*q**2. Calculate o(-4).
5
Let c(x) = -5*x**2 + 3 + x**2 + 2*x - 3. Determine c(2).
-12
Let n(b) = 3*b**2 - 17*b + 3. Let s(c) = -2*c**2 + 11*c - 2. Let k(w) = 5*n(w) + 8*s(w). Let i = -19 - -22. Determine k(i).
-1
Suppose -k = 4*k - 65. Suppose 5*a = -k - 2. Let t(m) = -m - 2. What is t(a)?
1
Let g be 1/4 - (-189)/12. Let y be ((-1)/4)/((-4)/g). Let u(i) = 2*i + y + 0 + 1. Determine u(-3).
-4
Let b(r) = 7 + 3*r + 5*r**2 - 7 - 2*r. What is b(1)?
6
Let s be (-2)/(-6) + (-26)/(-3). Let d(w) = w - 8. What is d(s)?
1
Let w be -3 + 0 - (-6)/1. Let p be (w - 1 - 3)*-5. Let d(u) = -u**3 + 4*u**2 + 2*u + 5. Determine d(p).
-10
Let i(y) = -3*y - 2. Let d = -2 + 4. Let q be i(d). Let r be q/12 - 2/6. Let c(b) = 6*b**2 + 1. What is c(r)?
7
Let d be ((-1)/(-1))/(1/3). Let v(r) = r**3 - 2*r**2 - 2*r + 1. Let b be v(d). Let g(y) = 2*y - 3. Determine g(b).
5
Suppose -2*v = 2*i, -v + 4*i - 1 = -4*v. Let r(w) = -1 - w + 3*w**2 - 6*w**2 + 0. Give r(v).
-3
Let b(u) = u**2 + 4*u + 4. Let n be b(-3). Let t(q) = 0 + 0 + q**2. Let x(v) = 3*v**2 - v + 2. Let c(g) = n*x(g) - 4*t(g). Give c(0).
2
Let s(j) = j**2 + 0*j**2 - 5 - 2*j + 0*j + 6 + 5*j**3. Calculate s(1).
5
Let f(n) be the second derivative of n**4/6 + 5*n**3/6 - 2*n**2 - 9*n. Give f(-4).
8
Let h(i) be the third derivative of i**5/60 - i**4/12 + 15*i**2. Calculate h(5).
15
Let a(j) = -6*j + 11. Let t(c) = 7*c - 12. Let k(l) = -5*a(l) - 4*t(l). Determine k(5).
3
Suppose 0 = 2*x - 6*x - 12. Let l(h) = -2*h. Let q(w) = -5*w - 4. Let g(b) = 3*l(b) - q(b). Give g(x).
7
Let l(t) = -t**3 - t**2 - t. Let u be l(0). Let d(o) = o**3 - o**2 + 3. Calculate d(u).
3
Suppose 0 = -2*i + 1 + 1. Let p(x) = 3 - x + 6 - i. Give p(6).
2
Let r(z) = -z**2 - z - 1. Suppose p = -2*h - p - 2, h + 7 = -3*p. Suppose -5*b + h*n = -2 - 8, n + 5 = -5*b. Suppose 6 = -2*m - b. Give r(m).
-7
Let b(q) = q**2 + 6*q + 2. Suppose 12 = 2*r - 0*r. Suppose -15 = -3*f + r*f. Calculate b(f).
-3
Let z(w) be the third derivative of -w**5/120 + w**4/3 + 5*w**3/6 + 5*w**2. Let t(l) be the first derivative of z(l). Determine t(9).
-1
Let i = -3 - -14. Suppose k - 3*u = -3, 4*k + u + i = -1. Let v(x) = -x**3 - 5*x**2 - 2*x + 4. Give v(k).
-8
Let y(m) = -5*m**3 - 4*m**2 + 2*m + 6 - 3 + 4*m**3 + 1. What is y(-4)?
-4
Let v(k) be the third derivative of k**6/120 - k**5/10 - 7*k**4/24 - k**3 - 18*k**2. Give v(7).
-6
Let h(r) be the first derivative of -r**4/4 - 7*r**3/3 + 5*r**2 + 7*r - 6. Determine h(-8).
-9
Let q(o) be the second derivative of -o**3/6 + 6*o**2 - o - 18. Determine q(7).
5
Let a(g) = g - 13. Let j be a(5). Let r(k) = k**2 + 7*k - 1. Give r(j).
7
Let p(f) = 